 of (6*72 - f)/(0 - -2)?
5, 43
Suppose 15375 = 13*z - 57633. What are the prime factors of z?
2, 3, 13
Let a be 204/459 + -992*(-41)/18. Suppose -2*v = u - 1746, u = 3*v - a - 364. What are the prime factors of v?
2, 19, 23
Let n be (-20)/(-3)*(732/20 - -3). What are the prime factors of -3*16/n + (-31310)/(-22)?
1423
Suppose -15*q + 69 = 8*q. Suppose -2*d + q*y = -234 - 86, 5*d = -2*y + 819. List the prime factors of d.
163
Let s be 5*-1 + 0 - -2. Let j(d) = -17*d + 11. Let m(q) = 3*q + 4. Let v(h) = j(h) - 5*m(h). List the prime factors of v(s).
3, 29
Suppose -26*u + 208085 = 14385. List the prime factors of u.
2, 5, 149
Suppose -32*n + 19214 = -54674. List the prime factors of n.
2309
Let u(f) be the second derivative of -f**5/20 - 5*f**4/12 + 3*f**3 + 7*f**2/2 - 17*f. Let q be u(-8). Let s = -1 + q. What are the prime factors of s?
2, 3
Let x(t) = -t**2 - 188*t + 475. What are the prime factors of x(-46)?
7, 11, 13
Suppose 1 = u - 3. Suppose 0 = -4*k - 4*n + 76, -4*n + 5*n = -2*k + 35. Suppose -228 = -u*f + k. List the prime factors of f.
61
List the prime factors of (9 + -347)*1/(2*4/(-328)).
2, 13, 41
Suppose -2*g = 3*g. Suppose 0 = 3*i - 2*x + 34, 26 = -g*i - 2*i + 2*x. List the prime factors of (i/(-16))/((-3)/(-210)).
5, 7
Let i be (-36)/24*(2 - 8250/9). Suppose 22*z - 21*z - i = -5*k, z + 1368 = 5*k. What are the prime factors of k?
2, 137
Let w = -138 + 578. Let z be w + 0 - 0/(-4). Suppose -26*j = -21*j - z. What are the prime factors of j?
2, 11
Suppose 0 = -597*r + 553*r + 650100. List the prime factors of r.
3, 5, 197
Let b(c) be the first derivative of -9*c**4/4 - c**3 + 2*c - 17. Let h be b(-1). What are the prime factors of 0 - h/(-2) - -165?
13
Let h(c) = 750*c**2 - 4*c + 11. Let o be h(5). What are the prime factors of o/21 - ((-48)/(-14) + -4)?
19, 47
What are the prime factors of (-24)/32 - 393546/(-24)?
19, 863
Let n(w) = w**3 + 7*w - 577. Let g be n(0). Let h = g + 838. List the prime factors of h.
3, 29
Let a(y) = -2*y**2 + 6*y + 3. Let q be a(3). Suppose -q*m = 4*j + 5, 4*m + 2*j - 40 = 6*j. What are the prime factors of (m - 1)*(1 + (-342)/(-12))?
2, 59
Let j(u) = -u**3 + u**2 - u + 74750. What are the prime factors of j(0)?
2, 5, 13, 23
Suppose -663777 = -7*l - k, 2*k + 206158 = 2*l + 16496. What are the prime factors of l?
2, 17, 2789
Suppose 5*g - 19 = -o, -2 = 2*o + 2*g - 16. Suppose n + o*n + 60 = 0. What are the prime factors of 48 + 0/(n/3)?
2, 3
Suppose f + 3*a = -2*a - 11, -3*a = -f + 13. Suppose 0 = -f*x + 8*x, 0 = c + 5*x + 7. Let q(n) = -n**2 - 12*n - 17. What are the prime factors of q(c)?
2, 3
Suppose -a + 4440 = -4*z - 12573, 5*a + 3*z - 85134 = 0. List the prime factors of a.
3, 5, 227
Suppose n = -5*h - 135, -4*n + 5*h - 2*h - 586 = 0. What are the prime factors of 116/n - (-1824)/5?
2, 7, 13
Let l = 407 + -561. List the prime factors of ((-53)/(-2))/(-2 - l/76).
19, 53
Let u = -643 + 2542. List the prime factors of u.
3, 211
Let y = -36 + 124. Let j = -61 + y. What are the prime factors of j?
3
Suppose -5212 = -83*r + 81*r - 2*l, -r + 2*l + 2606 = 0. List the prime factors of r.
2, 1303
Suppose 0 = w - 1 + 5, -4*g = w - 1368. Suppose 2*v - 349 = 3*h, -2*v + v - g = 3*h. Let y = 174 + h. List the prime factors of y.
59
Let r(b) = b**3 - 8*b**2 - 23*b + 14. Suppose 2*u + 146 = 5*o - 15, 4*o + 4*u = 140. Suppose -y = -4*y + o. List the prime factors of r(y).
2, 31
Suppose 688*m + 60 = 684*m. What are the prime factors of 4/(-12)*m - (-85 + 0)?
2, 3, 5
Suppose 0 = 16*j + 29 + 179. Let s(q) = -3*q**2 - 46*q + 4. List the prime factors of s(j).
5, 19
What are the prime factors of (-747425)/(-60) + 5/(-60)?
12457
Let u be (-1)/5*(25 + -25). Suppose -155*m + 152*m + 2568 = u. List the prime factors of m.
2, 107
Suppose -6*q = -14*q + 24. Suppose 3*s = -q*d - 15, d + 0*s - 4*s = 0. List the prime factors of (d - 44/(-4)) + -3.
2
Let a be 106/22 - (-14)/77. Suppose 0 = -4*q, y + 2*y = -a*q - 3. What are the prime factors of 3 + -8 - y - -32?
2, 7
Suppose 9*c - 20 - 25 = 0. Suppose -3510 = -5*z - c*m + 10*m, m = 3*z - 2104. What are the prime factors of z?
701
Let y(m) = m**3 - 46*m**2 - 100*m - 16. What are the prime factors of y(51)?
7, 23
Let s = -67 + 87. Let v = s + 154. List the prime factors of v.
2, 3, 29
Suppose -108*w + 32810 + 371542 = 0. List the prime factors of w.
2, 3, 13
Let n(b) = 59*b**2 - 42*b - 62. What are the prime factors of n(15)?
12583
Let f = 1678 - -1629. Let m = 4637 - f. List the prime factors of m.
2, 5, 7, 19
Let s = -30 - -44. Suppose s*g = 7*g - 1260. What are the prime factors of 10*4/(-3)*g/40?
2, 3, 5
Let c(x) = -x**2 + 11*x + 3. Let p be c(10). Suppose 0 = p*s - 3*s - 4970. List the prime factors of s.
7, 71
Let c = -5308 - -12231. What are the prime factors of c?
7, 23, 43
Let x(g) = g**2 - g - 74*g**3 + 30*g**3 - 51*g**3 - 2*g**2 + 1. Let w be x(2). What are the prime factors of (-18)/63 - w/7?
109
Let l = 874 - 864. Suppose 4*p - l*p = -456. List the prime factors of p.
2, 19
Let o = -87425 - -123605. What are the prime factors of o?
2, 3, 5, 67
Let k(z) = -z**3 - z**2 - 3*z + 12304. List the prime factors of k(0).
2, 769
Let w(c) = 4*c + 55. Let d be w(-13). Let b be (d/3)/((-1)/18). What are the prime factors of (6/4)/(b/(-2616))?
2, 109
Suppose -k - 2*k - 2*k = 0. Suppose 2*q - 282 - 370 = k. List the prime factors of q.
2, 163
Suppose -37*k = -4*v - 31*k + 216406, -4*v = -2*k - 216426. List the prime factors of v.
11, 4919
Let l = 4666 - 2356. List the prime factors of l.
2, 3, 5, 7, 11
Let a be ((-16)/(-40))/(8/(-20)). List the prime factors of 2632/4 + (a - (3 + 2)).
2, 163
Let r(g) = g**2 - 18*g + 33. Let c be r(-19). Suppose -c = -j - 160. Suppose 0 = 3*t + 5*f - 370, 4*t + 4*f - j = -88. What are the prime factors of t?
2, 3, 5
Let i(g) be the first derivative of -g**4/4 + 5*g**3/3 + 13*g**2/2 - 6*g - 10. Let t be i(7). What are the prime factors of (1/2)/(t/(-702))?
3
Suppose 43*l + 164088 = 172*l. List the prime factors of l.
2, 3, 53
What are the prime factors of (-3)/8 + (6894948/96 - 13) + 12?
71821
Suppose 3*u + 15 = 0, 3*d - 12 = -34*u + 37*u. Let c(j) = -316*j**3 - 3 + 0*j**2 - 2*j - 7*j**2 + 10*j**2. List the prime factors of c(d).
2, 3, 53
Suppose -4*u - 85*s = -86*s - 17763, 4*s - 4 = 0. List the prime factors of u.
4441
Let z = 1919 + 6856. List the prime factors of z.
3, 5, 13
What are the prime factors of 306394/10 + (14 - (-770)/(-50))?
2, 15319
Let a = -76686 - -108100. List the prime factors of a.
2, 113, 139
Let v be (-6)/12*(-1 - 9). Let b(t) = 86*t + 21. What are the prime factors of b(v)?
11, 41
Let s = -3409 + 7490. What are the prime factors of s?
7, 11, 53
Suppose 3546*b = 3557*b - 19943. What are the prime factors of b?
7, 37
Suppose 4*b - 4*w + 13630 - 40990 = 0, 27357 = 4*b - 5*w. What are the prime factors of b?
3, 2281
Let p(u) be the third derivative of u**7/720 - u**6/80 - u**5/4 + 5*u**2. Let q(z) be the third derivative of p(z). List the prime factors of q(9).
2, 3
Let j be (1 + 54/12 + 1)*-2. Let f(l) = l**3 + 19*l**2 + 16*l - 10. What are the prime factors of f(j)?
2, 199
List the prime factors of 1776/(-36)*(1 + 3 + 4)*-36.
2, 3, 37
What are the prime factors of (78/208 + (-306206)/80)*-5?
2, 13, 23
Let g(l) = -l**2 - 28*l. Let w be g(0). Suppose w = 2*u - i - 118, -u - 7*i + 53 = -9*i. List the prime factors of u.
61
Suppose -5*s - 223 = -3*w + 22, w = s + 51. Let q be (-6)/30 - (-1143)/15. Let y = s + q. List the prime factors of y.
2, 3, 5
What are the prime factors of (-2 - 8/(-3))/((-125)/(-1075500))?
2, 3, 239
Let l(j) = 22*j + 67 + 29*j - 21*j + 53. What are the prime factors of l(6)?
2, 3, 5
Let n(g) = 61*g**2 - 16*g + 11. Let q be n(4). Suppose -3*m = -q - 2080. List the prime factors of m.
7, 11, 13
Let p = 44719 - 22147. Suppose -25*j + p = 8*j. List the prime factors of j.
2, 3, 19
Let j(q) = 423*q - 527. List the prime factors of j(8).
2857
Suppose -2*p - 5*f = -3, -2*f = -6*f - 12. List the prime factors of 5826/9 + (-3)/p.
647
Suppose 77*a - 6*a - 2380340 = 3*a. List the prime factors of a.
5, 7001
Let t(a) = -2670*a + 1051. What are the prime factors of t(-16)?
7, 13, 37
Let b = 1479 - -92. Suppose f + 176 = b. What are the prime factors of f?
3, 5, 31
Suppose 14*m - 78 + 8 = 0. Suppose -4 = -m*c + 11. Sup